ns digit of q?
2
Let t(v) = v**2 + 4 - 6*v - v - 5*v + 10. What is the tens digit of t(12)?
1
Suppose 6*k - 15 = 3*k. Suppose 5*p - 4*w = 85, -2*w + w = -k. What is the units digit of p?
1
Suppose 4*z + 4*r = -0*r + 40, -3*r = 2*z - 25. What is the units digit of z?
5
Let j(o) = o**2 + o + 2. Let v be j(2). Suppose 9 = f - v. What is the tens digit of f?
1
Let l(c) = -2*c**3 - 6*c**2 - 3*c. Let a = 7 + -11. Let g be l(a). Suppose s = 5, -5*p - 5*s = -g - 6. What is the units digit of p?
5
Suppose p - 3*z + 10 = 0, 0*p = -5*p - 3*z + 4. Let m be (0/1)/(-2 + p). Suppose -5*l + m*l + 40 = 0. What is the units digit of l?
8
Let f(v) = -v**2 + 2*v + 1. Let k be f(2). Let j(c) = -7 + 3*c - k - c. What is the units digit of j(8)?
8
Suppose -2 = v + 2. Let d(n) = n + 7. What is the units digit of d(v)?
3
Let y = 28 + -16. What is the tens digit of y?
1
Suppose 3*s = -s. Suppose s = -4*r - 2*l + 50, -3*l = -l - 6. What is the tens digit of r?
1
Let b(o) = -o - 3. Let a be b(-6). Suppose 5*s - k = 77, -a*k + 69 = 5*s - 0*k. What is the tens digit of s?
1
Let m(l) = l**2 - 3*l + 3. What is the units digit of m(3)?
3
Suppose s - 5*g + 50 = 6*s, 0 = s - 2*g - 7. Let u = s - 2. What is the units digit of u?
7
Let u(d) = -6*d**3 - 2*d**2 - d + 3. What is the units digit of u(-2)?
5
Let b = -9 - -6. What is the tens digit of b - (-12 + (-5 - -3))?
1
Suppose 1 = 3*l - 5. Suppose 3*b - 17 = -l*k, 2 - 17 = -2*k - 5*b. What is the tens digit of k?
1
Suppose 0 = 2*o + 225 - 613. What is the hundreds digit of o?
1
Let c(m) = m**2 - m - 5. Suppose -26 = 5*j + 2*x, -4*j + 3*x - 3 = 4. Let b be c(j). Suppose -5*s = -0*s - b. What is the units digit of s?
3
Let x = 22 + -6. Suppose 4*a = -x, 0*p + 2*a - 64 = -p. Suppose -4*i + 44 = -2*q - 22, -p = -5*i - q. What is the units digit of i?
5
Suppose -7*u + 6 = -4*u. Suppose 0 = d - u*d - 4. Let m = d - -7. What is the units digit of m?
3
Suppose 3 + 0 = -r + 3*h, 4*r = h + 10. Suppose i = r*i - 4. What is the units digit of i?
2
Let p = 6 - 7. Let i be 1/(10/8 + p). Suppose -g - 2*w + 3 = -9, -3*g + i*w + 26 = 0. What is the tens digit of g?
1
Suppose -1 = -k, -h = -2*h + 5*k + 99. What is the tens digit of h?
0
Let z be 0/(2 + -3 - 1). Suppose 5*v - 205 = -z*v. What is the tens digit of v?
4
Suppose 4*v = -5*q + 221 + 12, 0 = -3*q + 15. Suppose v = o + 3*o. What is the units digit of o?
3
Let n = -1 - -19. What is the units digit of ((-4)/(-3))/(2/n)?
2
Let k(l) = 2*l - 6. Let r(m) = -m**3 - 6*m**2 - 6*m - 1. Let s be r(-5). Let u be k(s). Suppose -1 = -i + u. What is the units digit of i?
3
Suppose 4*w + 0*b = 5*b + 127, -w + 3*b = -30. What is the units digit of w?
3
Let s(n) = -5*n - 1. Let j be s(-1). Suppose 0 = -j*l + 5*o + 27, -3*l = l + 2*o - 34. Suppose -3*t - t + l = 0. What is the units digit of t?
2
Let u(i) = 8*i**2 + 3*i + 1. What is the units digit of u(-2)?
7
Let a(i) = i + 13. Let u be a(-13). Suppose -l = 4*l + k - 26, u = 3*l + 4*k - 19. What is the units digit of l?
5
Suppose 0 = 4*w + 4 - 40. Suppose -2*b - 10 = -7*b. What is the units digit of w/b + (-3)/6?
4
Let y(w) = w**3 + w**2 - 3*w - 3. Let a(i) = -i**3 - 2*i**2 + 4*i + 3. Let n(l) = 5*a(l) + 6*y(l). Let m be n(3). Let p = m - -7. What is the units digit of p?
1
Suppose 53*g - 55*g = -104. What is the units digit of g?
2
Let a(p) = 14*p**2 - 4*p + 3. What is the tens digit of a(2)?
5
Let n(j) = j**2 - 7*j - 8. Let o be n(7). What is the tens digit of (o/(-6))/((-2)/(-21))?
1
Let c(o) be the second derivative of -3/2*o**2 + 5/3*o**3 + 0 + 3*o. What is the tens digit of c(2)?
1
Let i = 85 + -29. Suppose 5*z - i = z. What is the tens digit of z?
1
Suppose 0 = 2*r + r - 12. Let s = r - 1. What is the units digit of s?
3
Let f(p) = -3*p - 12. What is the tens digit of f(-14)?
3
Suppose 8 = -a + 3*h, 2*a - h + 8 = -a. Let x(u) = -2*u**2 - 2*u + 1. Let d be x(a). What is the units digit of (15/(-9))/(1/d)?
5
Let l(u) = -u**3 + 15*u**2 + u + 10. What is the tens digit of l(15)?
2
Suppose 7*k = 2*k + 480. What is the tens digit of k?
9
Let s = 3 - 1. Suppose 4*r + 7 = 5*p - 35, s*r + p = -14. Let c = 13 + r. What is the units digit of c?
5
Let o = -22 + 79. What is the tens digit of o?
5
Suppose 0 = -2*i + i + 6. Let f = i + -7. Let p = 8 + f. What is the units digit of p?
7
Let l(r) = -9*r + 21. Let h(o) = 1. Let d(c) = 15*h(c) - l(c). What is the tens digit of d(3)?
2
Let u(z) = z**2 + 5*z + 1. Suppose -r + 20 = -5*m - 6*r, 5*m - 3*r = 12. Let t be (1 + m)/1 + -6. What is the units digit of u(t)?
1
Let c = -299 + 422. What is the tens digit of c?
2
Suppose 5*c + 0 = 15. Suppose -c*i = -0*i. Suppose -l - 33 = -2*g, -4*g + l = -i*g - 63. What is the tens digit of g?
1
Let r be (1 - -3)*-1 - 0. Let w be 3/12 - 11/r. Suppose -w*z + z = -5*s + 30, -s - 12 = -4*z. What is the units digit of s?
8
Let y(i) = i - 4. Let q = 1 + 2. Let k be y(q). Let x = k - -8. What is the units digit of x?
7
Suppose -220 + 68 = -4*r. Let a(m) = -m**3 - 8*m**2 - 10*m - 9. Let z be a(-6). Let w = z + r. What is the tens digit of w?
1
Let o be (-9)/(-3) - (-1 - -2). Suppose -4*l + 2*l = o*n - 26, 0 = 4*n - l - 37. What is the units digit of n?
0
Let w = 125 + -22. What is the tens digit of w?
0
Let y be (4/2)/((-8)/(-88)). Suppose -y = 4*h - 6. What is the units digit of (-6)/h*(-8)/(-6)?
2
Suppose 3*r = 60 - 6. What is the tens digit of r?
1
Let t be (-1 + 39)*3/2. Let p = t + -26. What is the tens digit of p?
3
Let d = -49 - -73. What is the units digit of d?
4
Let l(m) = -m**3 + 4*m**2 - 2*m + 100. What is the units digit of l(0)?
0
Suppose -53 = 5*s - 3*v, -s = 3*v + 2*v + 5. Let d(r) = -r**3 - 11*r**2 - 9*r + 14. Let z be d(s). Suppose 6 = -z*m + 30. What is the units digit of m?
6
Let o(d) = d**2 - 16*d + 12. What is the units digit of o(16)?
2
Let u = 54 + -85. Let g be (u - -1)*12/(-10). Suppose 2*c + c = g. What is the tens digit of c?
1
Let x(c) = 3*c + 2. Suppose 3*m + 5 = 17. Let q be x(m). Suppose -t + 4*a = 4*t - q, -3*a + 36 = 4*t. What is the units digit of t?
6
Let x(t) = -t**3 - t**2 + 2. Let d be x(0). Suppose 0*g - 3*g + 11 = d*q, g = -4*q + 17. What is the units digit of q?
4
Let l(q) be the third derivative of 1/2*q**3 - 1/120*q**6 + 0*q + 1/6*q**4 - 3*q**2 - 1/30*q**5 + 0. What is the units digit of l(-4)?
9
Let y = -68 + 96. Suppose 8 = -4*f + y. What is the units digit of f?
5
Let l be (-18)/(-4)*4/9. Suppose 5*n - l*n = 78. What is the units digit of n?
6
Let z(h) = -11*h + 16. What is the units digit of z(-11)?
7
Let t = 166 - 161. What is the units digit of t?
5
Let o = 106 - 74. Let q = -23 + o. Suppose q - 1 = 2*k. What is the units digit of k?
4
Suppose -2*a - 2*n + 11 = -1, -4*a + 4*n + 16 = 0. Suppose -4*r + 67 = -3*s, -s + a - 2 = 0. What is the units digit of r?
9
Suppose 2*s = 7 - 1, 763 = 4*p + s. What is the tens digit of p?
9
Let u = 5 - 1. Let s = 4 - u. Suppose 5*m - 25 = -s*m. What is the units digit of m?
5
Suppose 11 + 9 = 2*d. What is the tens digit of d?
1
Suppose -40 = -3*i - 2*i. Let x be i/(-24) - 14/(-6). Suppose 2*u - 1 = -5*g, 3*u - 27 - x = -2*g. What is the units digit of u?
3
Let x be 16/3 - (-4)/(-12). Suppose x*b - 4*l = -0 + 2, 0 = -2*b - 2*l + 8. What is the units digit of b?
2
Suppose -19 = -5*q - 4. Let x = 24 - q. What is the units digit of x?
1
Let x = 9 - 0. Suppose 0 = -5*z - 39 + x. Let s(y) = y**3 + 6*y**2 - 2*y - 4. What is the units digit of s(z)?
8
Let d(q) = -q**3 - 9*q**2 - 9*q - 4. Let l be d(-8). Suppose 0 = -0*j + l*j - 20. Suppose 4 + 6 = j*x. What is the units digit of x?
2
Suppose -8*i + 5*i + 3 = 0. What is the units digit of i?
1
What is the units digit of (-2)/(4/(-46)*1)?
3
Let y(g) = g**2 + 5*g + 4. Let m be y(-5). Let i be m*2/(-8)*-2. Suppose -i*f + 4*c = -34, -5*f + f - 2*c = -18. What is the units digit of f?
7
Suppose -16 = 3*o - 7*o, -o = g - 27. What is the units digit of g?
3
Let d(o) = -o - 1. Let u be d(-5). Let c(k) = -k**2 + 2*k + 5. Let j be c(u). What is the units digit of j/((18/15)/(-2))?
5
Suppose 2*g - 49 = -4*i + 71, 5*g + i = 282. What is the tens digit of g?
5
Let q = 0 + -1. Let n be 0 + 0 - q - -14. What is the units digit of 1/5 - (-12)/n?
1
Let o(m) = m**3 + 4*m**2 - 4*m - 3. Let d be 2 - (9 + -3)*1. What is the units digit of o(d)?
3
Let j(r) = r + 3. Let v be j(5).